rime factors of 188869022.
2, 137, 197, 3499
List the prime factors of 1964554347.
3, 7, 107, 874301
What are the prime factors of 36616742?
2, 17, 101, 10663
What are the prime factors of 2976074922?
2, 3, 499, 994013
List the prime factors of 706423648.
2, 7, 19, 165983
What are the prime factors of 180130122?
2, 3, 3335743
List the prime factors of 2134213370.
2, 5, 283, 577, 1307
List the prime factors of 1282422689.
19, 67495931
List the prime factors of 1133780773.
1133780773
What are the prime factors of 60839376?
2, 3, 13, 97499
List the prime factors of 3633665263.
61, 59568283
What are the prime factors of 5271224127?
3, 13, 53, 2550181
What are the prime factors of 55534377?
3, 41, 451499
What are the prime factors of 4012199599?
37, 547, 198241
List the prime factors of 975601027.
41, 23795147
List the prime factors of 93387274.
2, 1019, 45823
List the prime factors of 364246902.
2, 3, 29, 232597
List the prime factors of 368189425.
5, 14727577
List the prime factors of 235396752.
2, 3, 4904099
List the prime factors of 47335078.
2, 7, 31, 15581
What are the prime factors of 84525742?
2, 7, 6037553
List the prime factors of 11447077.
23, 41, 61, 199
What are the prime factors of 45666413?
13, 59, 59539
What are the prime factors of 157055951?
13, 31, 211, 1847
List the prime factors of 2173658193.
3, 7, 283, 40639
List the prime factors of 21520837.
13, 1655449
What are the prime factors of 740846088?
2, 3, 1143281
What are the prime factors of 1992604494?
2, 3, 23, 14439163
What are the prime factors of 3625152769?
7, 517878967
What are the prime factors of 1380335741?
617, 743, 3011
List the prime factors of 261477812.
2, 1439, 45427
List the prime factors of 1119646759.
7, 11, 1321897
List the prime factors of 50800128.
2, 3, 33073
List the prime factors of 155270532.
2, 3, 101, 128111
List the prime factors of 168904015.
5, 7, 19, 499, 509
What are the prime factors of 327546993?
3, 683, 159857
List the prime factors of 357773881.
357773881
List the prime factors of 91559910.
2, 3, 5, 13, 234769
What are the prime factors of 362739103?
853, 425251
List the prime factors of 15746861.
13, 491, 2467
List the prime factors of 77118300.
2, 3, 5, 7, 12241
List the prime factors of 217050048.
2, 3, 376823
What are the prime factors of 76751007?
3, 25583669
List the prime factors of 537506450.
2, 5, 13, 43, 19231
List the prime factors of 225523849.
225523849
List the prime factors of 345150871.
13, 61, 435247
List the prime factors of 89592386.
2, 13, 1187, 2903
What are the prime factors of 104028608?
2, 37, 197, 223
List the prime factors of 419382984.
2, 3, 3583, 4877
What are the prime factors of 364427227?
31, 1063, 11059
What are the prime factors of 198324644?
2, 7, 139, 50957
List the prime factors of 86555344.
2, 419, 12911
List the prime factors of 3342728223.
3, 151, 819899
List the prime factors of 759816161.
13, 58447397
List the prime factors of 2117604337.
17, 277, 449693
List the prime factors of 221741672.
2, 2939, 9431
What are the prime factors of 1882027416?
2, 3, 78417809
What are the prime factors of 2295530463?
3, 227, 3370823
List the prime factors of 200592811.
5237, 38303
What are the prime factors of 348478460?
2, 5, 11, 229, 6917
List the prime factors of 207150988.
2, 11, 4707977
List the prime factors of 504680436.
2, 3, 13, 101, 3559
What are the prime factors of 1530937597?
7, 19, 167, 68927
List the prime factors of 107608261.
107608261
List the prime factors of 866681969.
37, 23423837
List the prime factors of 1700877798.
2, 3, 31497737
List the prime factors of 22605625.
5, 7, 5167
List the prime factors of 37004196.
2, 3, 3083683
What are the prime factors of 28050942?
2, 3, 4675157
List the prime factors of 132521179.
7, 983, 19259
What are the prime factors of 823028720?
2, 5, 113, 181, 503
List the prime factors of 2080246727.
13, 160018979
What are the prime factors of 124927271?
7, 17, 1049809
List the prime factors of 2002315982.
2, 1001157991
What are the prime factors of 1639987993?
7, 4801, 48799
List the prime factors of 758045366.
2, 13, 43, 678037
List the prime factors of 80160210.
2, 3, 5, 13, 131, 523
What are the prime factors of 3745588079?
719, 5209441
List the prime factors of 60815265.
3, 5, 7, 193, 3001
List the prime factors of 497506767.
3, 23, 7210243
What are the prime factors of 1492464266?
2, 746232133
What are the prime factors of 131057628?
2, 3, 13, 67, 12539
What are the prime factors of 121456238?
2, 23, 271, 9743
What are the prime factors of 43219297?
11, 3929027
What are the prime factors of 3012267790?
2, 5, 7, 19, 2264863
List the prime factors of 523697798.
2, 13, 19, 181, 5857
What are the prime factors of 264093658?
2, 47, 2809507
What are the prime factors of 19206892?
2, 4801723
List the prime factors of 238839981.
3, 23, 881, 3929
What are the prime factors of 44953733?
11, 997, 4099
List the prime factors of 219678174.
2, 3, 277, 44059
What are the prime factors of 1511104011?
3, 16831, 29927
List the prime factors of 226233901.
29, 7801169
List the prime factors of 1741189405.
5, 4283, 81307
List the prime factors of 169609114.
2, 43, 349, 5651
List the prime factors of 401402644.
2, 827, 121343
What are the prime factors of 424154638?
2, 23, 29, 317957
What are the prime factors of 137148855?
3, 5, 107, 85451
List the prime factors of 1642792356.
2, 3, 5281, 8641
What are the prime factors of 4170431083?
7, 13, 271177
What are the prime factors of 232725197?
232725197
What are the prime factors of 581662987?
443, 811, 1619
List the prime factors of 1463843492.
2, 365960873
List the prime factors of 267389247.
3, 89129749
What are the prime factors of 905367867?
3, 233, 307, 4219
What are the prime factors of 845723180?
2, 5, 42286159
List the prime factors of 46470456.
2, 3, 215141
List the prime factors of 18250540.
2, 5, 7, 11, 1693
What are the prime factors of 351925818?
2, 3, 227, 258389
List the prime factors of 2904698193.
3, 968232731
List the prime factors of 260970283.
7, 37281469
What are the prime factors of 559864209?
3, 186621403
What are the prime factors of 3880829636?
2, 43, 22562963
What are the prime factors of 5975458?
2, 2987729
What are the prime factors of 103013554?
2, 7, 19, 387269
List the prime factors of 436547551.
11, 3607831
List the prime factors of 553631063.
19, 43, 677639
What are the prime factors of 222994406?
2, 17, 61, 79, 1361
List the prime factors of 215047042.
2, 7, 17, 43, 21013
List the prime factors of 131791426.
2, 13, 23, 73, 3019
What are the prime factors of 89892547?
29, 179, 17317
List the prime factors of 127846611.
3, 19, 43, 17387
What are the prime factors of 1155952627?
1155952627
List the prime factors of 5877620033.
337, 17441009
What are the prime factors of 885714639?
3, 7351, 40163
What are the prime factors of 24883465?
5, 67, 74279
List the prime factors of 649657891.
10159, 63949
List the prime factors of 7944590909.
17, 20639, 22643
List the prime factors of 112823368.
2, 7, 19, 107, 991
List the prime factors of 48993745.
5, 17, 569, 1013
List the prime factors of 8133407217.
3, 13, 293, 237257
What are the prime factors of 18015749?
18015749
List the prime factors of 171167045.
5, 7, 698641
What are the prime factors of 1186521309?
3, 23, 61, 93967
List the prime factors of 119677844.
2, 11, 13, 209227
What are the prime factors of 6150501087?
3, 43, 47678303
What are the prime factors of 562896190?
2, 5, 56289619
List the prime factors of 833181596.
2, 13, 47, 340909
What are the prime factors of 8486538?
2, 3, 1414423
What are the prime factors of 69578128?
2, 23, 43, 4397
What are the prime factors of 846986965?
5, 11, 15399763
List the prime factors of 73699065.
3, 5, 11, 71, 233
What are the prime factors of 191819774?
2, 157, 610891
List the prime factors of 3949424344.
2, 67, 181, 40709
List the prime factors of 4935406699.
59, 233, 359017
What are the prime factors of 94123111?
94123111
List the prime factors of 394716032.
2, 19, 109, 1489
What are the prime factors of 13166841?
3, 29, 151343
List the prime factors of 1065241188.
2, 3, 11, 2690003
List the prime factors of 176005616.
2, 11000351
What are the prime factors of 423441263?
7, 89, 679681
What are the prime factors